+ 9*j**2 - 10*j + 3. Let f be s(-10). Suppose 0*k - 9 = f*k. List the prime factors of (-3 + 14)*-1*k.
3, 11
Suppose -19*l = -14*l - 2*o - 193, -5*l - 4*o + 169 = 0. What are the prime factors of l?
37
Let q = 162 + 50. What are the prime factors of q?
2, 53
Suppose -5*t - 2*y + 2604 = 0, -4*y + 1033 = 4*t - 1055. What are the prime factors of t?
2, 5, 13
Suppose 7*t = 4*t + 3. Suppose 5 = f + 3*p, -3*p = 6*f - f - t. What are the prime factors of -1*-74*f/(-2)?
37
Suppose 3*f = o + 1077, 0 = -22*f + 21*f - o + 363. What are the prime factors of f?
2, 3, 5
Let d be 632*-1*15/6. Let h be (-6)/(-33) - d/22. Suppose 0 = -f + 5*f - h. What are the prime factors of f?
2, 3
List the prime factors of (6/(-10))/((-165)/551375).
5, 401
Suppose 2*k = 5*k. Suppose 0 = 5*a - 3*r - 195, k = 4*a - 2*r - 8 - 148. Suppose -2*m + 15 = -a. What are the prime factors of m?
3
Suppose -96 = -5*w - 16. Suppose -3*a - w = -46. Suppose a = 5*t - 250. What are the prime factors of t?
2, 13
Let g be 5/(-20) + 17/4. Let x be (-30)/g*4*-6. What are the prime factors of ((-1)/2)/((-3)/x)?
2, 3, 5
Let o(w) = 41*w**2 - 13*w + 48. List the prime factors of o(4).
2, 163
Let c(p) = -10*p**3 + p**2 - 5*p - 4. Let w(g) = -3*g. Let y be w(1). Let d be c(y). Suppose 10*v - 5*v = d. List the prime factors of v.
2, 29
Suppose 3*p = 5*p. Suppose p*z - 3*h - 13 = -2*z, -5*z - h + 7 = 0. Suppose -7*b = -z*b - 135. What are the prime factors of b?
3
Suppose -i = 5*b - 205, -2*i + 2*b = -0*b - 446. What are the prime factors of i?
2, 5, 11
What are the prime factors of (-2 - 0)*1/(-2) - -314?
3, 5, 7
Suppose 3*i + 3*v + 90 = 3201, 4*i + 3*v - 4153 = 0. What are the prime factors of i?
2, 521
Let k(p) = -p**2 + 3*p + 143. Let z be k(0). Suppose 0 = -3*d + l + z, 4*d + 0*l + l = 200. What are the prime factors of d?
7
Let d(k) = -25*k + 1. Let n be d(-3). Suppose -n - 161 = -3*g. List the prime factors of g.
79
Let x(t) = -t**2 - 9*t + 11. Let h be x(-10). Let n be -3 - (-1 + h + -227). Suppose -9*i = -13*i + n. List the prime factors of i.
2, 7
Suppose -61*d = -54*d - 5404. List the prime factors of d.
2, 193
Let x = -1081 - -2168. List the prime factors of x.
1087
Suppose -4*p = -3*p. Suppose -5*a - 5*w = -3*w + 220, w = p. What are the prime factors of (4 + a/10)*-10?
2
What are the prime factors of (24/(-5))/((-9)/((-8505)/(-14)))?
2, 3
Let f = -19 - -54. Suppose f = 3*c - 2*n, 4*c - 4 - 44 = 2*n. What are the prime factors of c?
13
List the prime factors of (42 - 3)*((-13)/(-3) - 1).
2, 5, 13
Suppose -541 = 5*d - q - 202, d + 73 = -5*q. Let a = d - -175. What are the prime factors of a?
107
Let n(b) = -b**2 - b + 2. Let a be n(-6). Let g = a + 24. What are the prime factors of g/((-108)/52 + 2)?
2, 13
Suppose -70 + 218 = -4*k. Let g = k + 56. What are the prime factors of g?
19
Let x(u) = 80*u + 37. What are the prime factors of x(5)?
19, 23
Let v(j) = 21*j - 15. Let f be v(7). Let s = 202 - f. List the prime factors of s.
2, 5, 7
What are the prime factors of 24/(-30) + (-1889)/(-5)?
13, 29
Suppose 24*o = 2*x + 22*o - 864, 3*x + 3*o = 1284. List the prime factors of x.
2, 5, 43
Let y(u) = 2*u**3 + u**2 - 3*u + 2. Let o be y(1). Suppose -15 = o*t - 2*v - 97, -2*v - 220 = -5*t. What are the prime factors of t?
2, 23
Let k(h) = -h**3 + 21*h + 39. What are the prime factors of k(-11)?
17, 67
Suppose 250 = 5*x - 305. Suppose -4*o + 249 = -x. Suppose 170 = 4*k - o. List the prime factors of k.
5, 13
Suppose -3*j - 8742 = -3*u, -30*u + 33*u + 3*j = 8742. What are the prime factors of u?
2, 31, 47
Suppose 4*g + 5*q + 12 = 0, g - 8 = -g + q. Suppose f + 28 = -2*c + 6*f, -20 = 3*c - g*f. What are the prime factors of (-95)/c - 3/(-12)?
2, 3
Suppose p + 5 = 0, -2*o + 4*p + 983 + 415 = 0. Let g = o - 472. List the prime factors of g.
7, 31
Suppose -17*z = -7*z - 5530. What are the prime factors of 4/(-48)*3 - z/(-4)?
2, 3, 23
Let m be 2/(-9) - 75/27. Let r be 2/m*(-456)/(-16). Let i = 32 + r. List the prime factors of i.
13
Suppose 24 = 2*j - 388. Let l be j/3 + (-4)/6. Suppose -4*t = -l + 4. What are the prime factors of t?
2
Let f = 27 - 10. Let a(z) = -2*z**3 - 2*z**2 - 12*z - 18. Let c be a(-3). Let g = c - f. What are the prime factors of g?
37
Suppose f = -4*l - 18, f - 24 + 7 = 3*l. Suppose 3*c - 2*m = -446, 0 = f*m - 5*m - 6. Let t = -87 - c. What are the prime factors of t?
3, 7
Let m = 19 + -16. Suppose 33 = l + m. Suppose -2*x = -3*x + l. What are the prime factors of x?
2, 3, 5
Let r(o) = o**3 + 6*o**2 - 2*o + 3. Let t be r(-6). Suppose -10 - t = -5*w. Suppose -w*b + 28 = 8. List the prime factors of b.
2
Suppose -2*r - 210 = -5*v, -2*v + r + 3*r + 100 = 0. Suppose j - v + 21 = 0. What are the prime factors of j?
19
Suppose 5*g + 1224 = 9*g. List the prime factors of g.
2, 3, 17
Let b(f) = 8*f - 3 + 2 + 6*f. Let v = 24 - 23. What are the prime factors of b(v)?
13
Let g(p) = 26*p**2 + 2*p - 2. What are the prime factors of g(-8)?
2, 823
Let t be (-360)/9 + (5 - 1). Let x = -14 - t. What are the prime factors of x?
2, 11
Let q(g) be the third derivative of -g**6/120 + g**5/12 - g**4/12 + g**3/3 + 3*g**2. Let m be q(4). List the prime factors of (m/4)/(2/4).
5
Suppose -2*a + 163 = -63. What are the prime factors of a?
113
Suppose -5*b + 14586 = b. Suppose b = 8*z + 9*z. What are the prime factors of z?
11, 13
Let h(a) = 18*a**2 - 61*a + 38. What are the prime factors of h(9)?
947
Let d(b) = 12*b**3 + 3*b**2 + 4*b - 17. What are the prime factors of d(5)?
2, 3, 263
Let a = 71 + 520. List the prime factors of a.
3, 197
Let a(n) = 5*n - 2*n - 5*n + 3*n**2 + 4*n. Suppose 0 = -10*o - 6 + 16. List the prime factors of a(o).
5
Suppose -s + 2*d + 556 = 0, -7*s + 11*s - 3*d = 2229. What are the prime factors of s?
2, 3, 31
Suppose 3*r = 6*r + 3, 2*r - 4 = -2*k. Suppose 2*h + 3*h = -4*t + 549, 0 = -3*h + k. What are the prime factors of t?
2, 17
Suppose 0 = 2*n + b - 15, -3*n - 5*b = -b - 30. Suppose n*i - 15 = i. Suppose -3*v - 2*t + 52 = 0, -i*t + 10 = -t. List the prime factors of v.
2, 7
Let x be (-12)/9 - 35/3. Let s = 18 + x. Suppose -s*y + 32 + 93 = 0. List the prime factors of y.
5
Let s = 137 - 13. Suppose 11*q - s = 7*q. List the prime factors of q.
31
Let s be 0 + 2 + -1 + 3. Suppose -3*h = -n - 10, -10 = -3*n - 3*h + s*h. Suppose 0 = -4*q + n*q - 18. List the prime factors of q.
2, 3
Suppose 0 = -103*q + 14*q + 65771. List the prime factors of q.
739
Suppose -4*a + 4550 = -2*w, -3*w + 3402 = 3*a - 8*w. What are the prime factors of a?
17, 67
Suppose 4*j - 3616 = -4*j. List the prime factors of j.
2, 113
Suppose -5*w - 3*m = -3359, 2*w + 3*m = 6*w - 2671. List the prime factors of w.
2, 5, 67
Let l = -3231 - -5378. What are the prime factors of l?
19, 113
Let i = 9552 + -6800. What are the prime factors of i?
2, 43
Let m(y) be the second derivative of 2*y - 1/12*y**4 + 3*y**2 + 0 - 4/3*y**3. List the prime factors of m(-7).
13
Let g = 4 - -223. What are the prime factors of g?
227
Suppose -11 = -4*h - j, 0 = -5*h + 5*j + 3 + 17. Suppose 4*r = -h*r. Suppose r = -4*k - 4, -4*u - 5*k = -6*u + 63. List the prime factors of u.
29
Suppose 5*z - 214 - 166 = 0. Suppose 5*q - 2 - 8 = 0, -3*g + 18 = -3*q. Suppose g*t - 10*t = -z. List the prime factors of t.
2, 19
Let o be 16/(-4) - -5 - 0. List the prime factors of o - (-1 + 351/(-3)).
7, 17
Suppose -39*g + 2295 = -34*g. What are the prime factors of g?
3, 17
Let c(l) = 2*l + 10. Let o be c(-8). What are the prime factors of o*(-3)/(18/51)?
3, 17
Let x = 4226 - 1652. List the prime factors of x.
2, 3, 11, 13
Suppose -7 = -3*l - 1. Suppose l*c = 6*c - 296. What are the prime factors of c?
2, 37
Let i(o) = 2 + 1 + 6 + 25*o - 1. What are the prime factors of i(1)?
3, 11
Suppose 631 = 2*h - 4*z + z, 5*z - 1640 = -5*h. List the prime factors of h.
17, 19
Let b = -372 + 3605. List the prime factors of b.
53, 61
Suppose -4*k + 56 = -0*k. Suppose k = 2*w - 12. Suppose 8*f - 9*f = -w. What are the prime factors of f?
13
Suppose 4*b - 2*n - 4310 = 0, 2 + 13 = -5*n. What are the prime factors of b?
2, 269
Let x be 6/(15/5) - 3. Let n(z) be the first derivative of -11*z**4 + z**2/2 - 1. What are the prime factors of n(x)?
43
Let q be 3 - (-1 + (0 - 0)). Suppose q*g - 6 - 10 = 0. List the prime factors of g.
2
Let m = 12 - -2. Suppose 4*y = -h - 4*h + 